{"id":457,"date":"2024-07-11T11:01:45","date_gmt":"2024-07-11T09:01:45","guid":{"rendered":"https:\/\/lms-privatschule.ch\/?page_id=457"},"modified":"2025-10-20T13:20:48","modified_gmt":"2025-10-20T11:20:48","slug":"unsere-kita","status":"publish","type":"page","link":"https:\/\/lms-privatschule.ch\/en\/unsere-kita\/","title":{"rendered":"Our nursery"},"content":{"rendered":"<div class=\"wp-block-jetpack-layout-grid column1-desktop-grid__span-6 column1-desktop-grid__row-1 column2-desktop-grid__span-6 column2-desktop-grid__start-7 column2-desktop-grid__row-1 column1-tablet-grid__span-4 column1-tablet-grid__row-1 column2-tablet-grid__span-4 column2-tablet-grid__start-5 column2-tablet-grid__row-1 column1-mobile-grid__span-4 column1-mobile-grid__row-1 column2-mobile-grid__span-4 column2-mobile-grid__row-2\">\n<div class=\"wp-block-jetpack-layout-grid-column wp-block-jetpack-layout-grid__padding-none\">\n<h4 class=\"wp-block-heading\">Loving care from 18 months<\/h4>\n\n\n\n<p class=\"wp-block-paragraph\">At our daycare center, we place particular emphasis on providing sensitive and loving care that supports and encourages each child in their development.<\/p>\n<\/div>\n\n\n\n<div class=\"wp-block-jetpack-layout-grid-column wp-block-jetpack-layout-grid__padding-none\">\n<h4 class=\"wp-block-heading\">Play and discovery<\/h4>\n\n\n\n<p class=\"wp-block-paragraph\">We focus on learning through play. Through a variety of activities and materials, children discover their environment and expand their skills.<\/p>\n<\/div>\n<\/div>\n\n\n\n<div class=\"wp-block-jetpack-layout-grid column1-desktop-grid__span-6 column1-desktop-grid__row-1 column2-desktop-grid__span-6 column2-desktop-grid__start-7 column2-desktop-grid__row-1 column1-tablet-grid__span-4 column1-tablet-grid__row-1 column2-tablet-grid__span-4 column2-tablet-grid__start-5 column2-tablet-grid__row-1 column1-mobile-grid__span-4 column1-mobile-grid__row-1 column2-mobile-grid__span-4 column2-mobile-grid__row-2\">\n<div class=\"wp-block-jetpack-layout-grid-column wp-block-jetpack-layout-grid__padding-none\">\n<h4 class=\"wp-block-heading\">Social interaction<\/h4>\n\n\n\n<p class=\"has-text-align-left wp-block-paragraph\">At our daycare center, we place particular emphasis on providing sensitive and loving care that supports and encourages each child in their development.<\/p>\n<\/div>\n\n\n\n<div class=\"wp-block-jetpack-layout-grid-column wp-block-jetpack-layout-grid__padding-none\">\n<h4 class=\"wp-block-heading\">Individual support<\/h4>\n\n\n\n<p class=\"wp-block-paragraph\">Every child is unique. That is why we offer individual support at our daycare center that is tailored to the needs and abilities of each individual child.<\/p>\n<\/div>\n<\/div>\n\n\n\n<h3 class=\"wp-block-heading has-text-align-center\"><br>\u201cWhere security and encouragement go hand in hand.\u201d<\/h3>\n\n\n\n<p class=\"wp-block-paragraph\"><\/p>\n\n\n\n<h3 class=\"wp-block-heading\">Prices<\/h3>\n\n\n\n<p class=\"wp-block-paragraph\">At our daycare center, the needs and wishes of families come first. That's why we don't have any fixed minimum requirements for childcare days. You can book the service according to your individual needs\u2014whether it's just one morning or several full days per week. Our flexible childcare allows you to organize your everyday life in the way that suits you and your child best. We are there whenever you need us!<\/p>\n\n\n\n<figure class=\"wp-block-table is-style-stripes\"><table class=\"has-fixed-layout\"><tbody><tr><td><strong>Number of days<\/strong> <strong>Per week<\/strong><\/td><td class=\"has-text-align-center\" data-align=\"center\"><strong>From 18 months<\/strong> <strong>until starting kindergarten<\/strong><\/td><td><\/td><\/tr><tr><td>5 full days<\/td><td class=\"has-text-align-center\" data-align=\"center\">2600.-<\/td><td><\/td><\/tr><tr><td>4 full days<\/td><td class=\"has-text-align-center\" data-align=\"center\">2080.-<\/td><td><\/td><\/tr><tr><td>3 full days<\/td><td class=\"has-text-align-center\" data-align=\"center\">1560.-<\/td><td><\/td><\/tr><tr><td>2 full days<\/td><td class=\"has-text-align-center\" data-align=\"center\">1040.-<\/td><td><\/td><\/tr><tr><td>1 full days<\/td><td class=\"has-text-align-center\" data-align=\"center\">540.-<\/td><td><\/td><\/tr><tr><td>Half day <\/td><td class=\"has-text-align-center\" data-align=\"center\">280.-<\/td><td><\/td><\/tr><tr><td>Emergency appointments<\/td><td class=\"has-text-align-center\" data-align=\"center\">50.-<\/td><td>At least 2 hours of short-term care<\/td><\/tr><\/tbody><\/table><\/figure>","protected":false},"excerpt":{"rendered":"<p>Liebevolle Betreuung ab 18 Monaten In unserer Kita legen wir besonderen Wert auf eine einf\u00fchlsame und liebevolle Betreuung, die jedes Kind in seiner Entwicklung unterst\u00fctzt und f\u00f6rdert. Spiel und Entdeckung Bei uns steht das spielerische Lernen im Vordergrund. Durch vielf\u00e4ltige Aktivit\u00e4ten und Materialien entdecken die Kinder ihre Umwelt und erweitern ihre F\u00e4higkeiten. Soziale Interaktion In [&hellip;]<\/p>\n","protected":false},"author":247063526,"featured_media":0,"parent":0,"menu_order":0,"comment_status":"closed","ping_status":"closed","template":"","meta":{"_acf_changed":false,"_eb_attr":"","advanced_seo_description":"","jetpack_seo_html_title":"","jetpack_seo_noindex":false,"jetpack_seo_schema_type":"","_wpcom_ai_launchpad_about_page":false,"_wpcom_ai_launchpad_gallery_page":false,"_wpcom_ai_launchpad_contact_page":false,"_wpcom_ai_launchpad_events_page":false,"_wpcom_ai_launchpad_video_page":false,"_wpcom_ai_launchpad_portfolio_piece":false,"footnotes":""},"categories":[],"tags":[],"class_list":["post-457","page","type-page","status-publish","hentry"],"acf":[],"mb":[],"jetpack_likes_enabled":true,"jetpack_sharing_enabled":true,"jetpack_shortlink":"https:\/\/wp.me\/PfNxEx-7n","jetpack-related-posts":[{"id":447,"url":"https:\/\/lms-privatschule.ch\/en\/unsere-bildungsstufen\/","url_meta":{"origin":457,"position":0},"title":"Our educational levels","author":"Victoria Asanin","date":"11. July 2024","format":false,"excerpt":"Our School at a Glance: Our private school in Geroldswil offers a comprehensive educational program from nursery through preschool and kindergarten to primary and middle school. We focus on loving care and holistic development to provide every child with the best possible opportunities for growth. The well-being of each child is our top priority\u2026","rel":"","context":"Similar post","block_context":{"text":"Similar post","link":""},"img":{"alt_text":"","src":"https:\/\/i0.wp.com\/lms-privatschule.ch\/wp-content\/uploads\/2024\/07\/2.png?resize=350%2C200","width":350,"height":200,"srcset":"https:\/\/i0.wp.com\/lms-privatschule.ch\/wp-content\/uploads\/2024\/07\/2.png?resize=350%2C200 1x, https:\/\/i0.wp.com\/lms-privatschule.ch\/wp-content\/uploads\/2024\/07\/2.png?resize=525%2C300 1.5x, https:\/\/i0.wp.com\/lms-privatschule.ch\/wp-content\/uploads\/2024\/07\/2.png?resize=700%2C400 2x, https:\/\/i0.wp.com\/lms-privatschule.ch\/wp-content\/uploads\/2024\/07\/2.png?resize=1050%2C600 3x, https:\/\/i0.wp.com\/lms-privatschule.ch\/wp-content\/uploads\/2024\/07\/2.png?resize=1400%2C800 4x"},"classes":[]}],"mfb_rest_fields":["title","wpcom_performance_report_url","jetpack_likes_enabled","jetpack_sharing_enabled","jetpack_shortlink","jetpack-related-posts","gutenberg_elementor_mode"],"_links":{"self":[{"href":"https:\/\/lms-privatschule.ch\/en\/wp-json\/wp\/v2\/pages\/457","targetHints":{"allow":["GET"]}}],"collection":[{"href":"https:\/\/lms-privatschule.ch\/en\/wp-json\/wp\/v2\/pages"}],"about":[{"href":"https:\/\/lms-privatschule.ch\/en\/wp-json\/wp\/v2\/types\/page"}],"author":[{"embeddable":true,"href":"https:\/\/lms-privatschule.ch\/en\/wp-json\/wp\/v2\/users\/247063526"}],"replies":[{"embeddable":true,"href":"https:\/\/lms-privatschule.ch\/en\/wp-json\/wp\/v2\/comments?post=457"}],"version-history":[{"count":39,"href":"https:\/\/lms-privatschule.ch\/en\/wp-json\/wp\/v2\/pages\/457\/revisions"}],"predecessor-version":[{"id":2509,"href":"https:\/\/lms-privatschule.ch\/en\/wp-json\/wp\/v2\/pages\/457\/revisions\/2509"}],"wp:attachment":[{"href":"https:\/\/lms-privatschule.ch\/en\/wp-json\/wp\/v2\/media?parent=457"}],"wp:term":[{"taxonomy":"category","embeddable":true,"href":"https:\/\/lms-privatschule.ch\/en\/wp-json\/wp\/v2\/categories?post=457"},{"taxonomy":"post_tag","embeddable":true,"href":"https:\/\/lms-privatschule.ch\/en\/wp-json\/wp\/v2\/tags?post=457"}],"curies":[{"name":"wp","href":"https:\/\/api.w.org\/{rel}","templated":true}]}}

<p>Liebevolle Betreuung ab 18 Monaten In unserer Kita legen wir besonderen Wert auf eine einfühlsame und liebevolle Betreuung, die jedes Kind in seiner Entwicklung unterstützt und fördert. Spiel und Entdeckung Bei uns steht das spielerische Lernen im Vordergrund. Durch vielfältige Aktivitäten und Materialien entdecken die Kinder ihre Umwelt und erweitern ihre Fähigkeiten. Soziale Interaktion In [&hellip;]</p>
