{"id":3243,"date":"2026-01-30T12:33:46","date_gmt":"2026-01-30T11:33:46","guid":{"rendered":"https:\/\/lms-privatschule.ch\/?page_id=3243"},"modified":"2026-02-15T13:29:54","modified_gmt":"2026-02-15T12:29:54","slug":"kontakt-uns","status":"publish","type":"page","link":"https:\/\/lms-privatschule.ch\/en\/kontakt-uns\/","title":{"rendered":"Contact us"},"content":{"rendered":"","protected":false},"excerpt":{"rendered":"","protected":false},"author":252078350,"featured_media":0,"parent":0,"menu_order":0,"comment_status":"closed","ping_status":"closed","template":"lms-welt-standard-single","meta":{"_acf_changed":false,"_eb_attr":"","advanced_seo_description":"","jetpack_seo_html_title":"","jetpack_seo_noindex":false,"jetpack_seo_schema_type":"","_wpcom_ai_launchpad_about_page":false,"_wpcom_ai_launchpad_gallery_page":false,"_wpcom_ai_launchpad_contact_page":false,"_wpcom_ai_launchpad_events_page":false,"_wpcom_ai_launchpad_video_page":false,"_wpcom_ai_launchpad_portfolio_piece":false,"footnotes":""},"categories":[],"tags":[],"class_list":["post-3243","page","type-page","status-publish","hentry"],"acf":{"block_title_main":{"simple_value_formatted":"Kontakt Uns","value_formatted":"Kontakt Uns","value":"Kontakt Uns","field":{"ID":3181,"key":"field_697c73aaee1b1","label":"block_title_main","name":"block_title_main","aria-label":"","prefix":"acf","type":"text","value":null,"menu_order":0,"instructions":"","required":0,"id":"","class":"","conditional_logic":0,"parent":3106,"wrapper":{"width":"","class":"","id":""},"default_value":"title","maxlength":"","allow_in_bindings":0,"placeholder":"","prepend":"","append":"","_name":"block_title_main","_valid":1}},"lms_welt_groups_classes":{"simple_value_formatted":"Bei Fragen oder Interesse an unserer Schule, stehen wir Ihnen gerne zur Verf\u00fcgung.\r\nKontaktieren Sie uns, um weitere Informationen zu erhalten oder ein pers\u00f6nliches Gespr\u00e4ch zu vereinbaren.","value_formatted":"Bei Fragen oder Interesse an unserer Schule, stehen wir Ihnen gerne zur Verf\u00fcgung.\r\nKontaktieren Sie uns, um weitere Informationen zu erhalten oder ein pers\u00f6nliches Gespr\u00e4ch zu vereinbaren.","value":"Bei Fragen oder Interesse an unserer Schule, stehen wir Ihnen gerne zur Verf\u00fcgung.\r\nKontaktieren Sie uns, um weitere Informationen zu erhalten oder ein pers\u00f6nliches Gespr\u00e4ch zu vereinbaren.","field":{"ID":3108,"key":"field_697674f56bb60","label":"block_title_description","name":"lms_welt_groups_classes","aria-label":"","prefix":"acf","type":"textarea","value":null,"menu_order":1,"instructions":"","required":0,"id":"","class":"","conditional_logic":0,"parent":3106,"wrapper":{"width":"","class":"","id":""},"default_value":"","maxlength":"","allow_in_bindings":0,"rows":"","placeholder":"","new_lines":"","_name":"lms_welt_groups_classes","_valid":1}},"welt_image_suppport":{"simple_value_formatted":"","value_formatted":"","value":"","field":{"ID":3231,"key":"field_697c80ab49eae","label":"welt_image_suppport","name":"world_image_support","aria-label":"","prefix":"acf","type":"image","value":null,"menu_order":2,"instructions":"","required":0,"id":"","class":"","conditional_logic":0,"parent":3106,"wrapper":{"width":"","class":"","id":""},"return_format":"array","library":"all","min_width":"","min_height":"","min_size":"","max_width":"","max_height":"","max_size":"","mime_types":"","allow_in_bindings":1,"preview_size":"full","_name":"welt_image_suppport","_valid":1}},"description":{"simple_value_formatted":"","value_formatted":"","value":"","field":{"ID":3180,"key":"field_697c7206cbfc9","label":"Description","name":"description","aria-label":"","prefix":"acf","type":"wysiwyg","value":null,"menu_order":3,"instructions":"","required":0,"id":"","class":"","conditional_logic":0,"parent":3106,"wrapper":{"width":"","class":"","id":""},"default_value":"","allow_in_bindings":0,"tabs":"all","toolbar":"full","media_upload":1,"delay":0,"_name":"description","_valid":1}},"sub_headline":{"simple_value_formatted":"Kontaktieren Sie uns, um weitere Informationen zu erhalten oder ein pers\u00f6nliches Gespr\u00e4ch zu vereinbaren.","value_formatted":"Kontaktieren Sie uns, um weitere Informationen zu erhalten oder ein pers\u00f6nliches Gespr\u00e4ch zu vereinbaren.","value":"Kontaktieren Sie uns, um weitere Informationen zu erhalten oder ein pers\u00f6nliches Gespr\u00e4ch zu vereinbaren.","field":{"ID":3182,"key":"field_697c723dee1ac","label":"Sub_headline","name":"sub_headline","aria-label":"","prefix":"acf","type":"text","value":null,"menu_order":4,"instructions":"","required":0,"id":"","class":"","conditional_logic":0,"parent":3106,"wrapper":{"width":"","class":"","id":""},"default_value":"Sub_headline","maxlength":"","allow_in_bindings":0,"placeholder":"","prepend":"","append":"","_name":"sub_headline","_valid":1}},"sub_content":{"simple_value_formatted":"","value_formatted":"","value":"","field":{"ID":3183,"key":"field_697c725aee1ad","label":"sub_content","name":"sub_content","aria-label":"","prefix":"acf","type":"wysiwyg","value":null,"menu_order":5,"instructions":"","required":0,"id":"","class":"","conditional_logic":0,"parent":3106,"wrapper":{"width":"","class":"","id":""},"default_value":"sub_content","allow_in_bindings":0,"tabs":"all","toolbar":"full","media_upload":1,"delay":0,"_name":"sub_content","_valid":1}},"addition_information":{"simple_value_formatted":"","value_formatted":"","value":"","field":{"ID":3184,"key":"field_697c7292ee1ae","label":"addition_information","name":"addition_information","aria-label":"","prefix":"acf","type":"wysiwyg","value":null,"menu_order":6,"instructions":"","required":0,"id":"","class":"","conditional_logic":0,"parent":3106,"wrapper":{"width":"","class":"","id":""},"default_value":"","allow_in_bindings":0,"tabs":"all","toolbar":"full","media_upload":1,"delay":0,"_name":"addition_information","_valid":1}},"highlight_box":{"simple_value_formatted":"","value_formatted":"","value":"","field":{"ID":3185,"key":"field_697c72b1ee1af","label":"highlight_box","name":"highlight_box","aria-label":"","prefix":"acf","type":"wysiwyg","value":null,"menu_order":7,"instructions":"","required":0,"id":"","class":"","conditional_logic":0,"parent":3106,"wrapper":{"width":"","class":"","id":""},"default_value":"highlight box","allow_in_bindings":0,"tabs":"all","toolbar":"full","media_upload":1,"delay":0,"_name":"highlight_box","_valid":1}},"":{"simple_value_formatted":"","value_formatted":"","value":"","field":{"ID":3186,"key":"field_697c72f3ee1b0","label":"","name":"","aria-label":"","prefix":"acf","type":"text","value":null,"menu_order":8,"instructions":"","required":0,"id":"","class":"","conditional_logic":0,"parent":3106,"wrapper":{"width":"","class":"","id":""},"default_value":"","maxlength":"","allow_in_bindings":0,"placeholder":"","prepend":"","append":"","_name":"","_valid":1}}},"mb":[],"jetpack_likes_enabled":true,"jetpack_sharing_enabled":true,"jetpack_shortlink":"https:\/\/wp.me\/PfNxEx-Qj","jetpack-related-posts":[{"id":1721,"url":"https:\/\/lms-privatschule.ch\/en\/allgemeine-datenschutzerklaerung\/","url_meta":{"origin":3243,"position":0},"title":"General Data Protection Statement","author":"Victoria Asanin","date":"4. May 2025","format":false,"excerpt":"1. Introduction With this privacy policy, LMS Private School (hereinafter &quot;LMS&quot;, &quot;we&quot; or &quot;us&quot;) informs you about the processing of personal data within the scope of its activities and services, in particular in connection with our website, course administration and communication with interested parties, students, parents, employees and other data subjects. We are subject to Swiss data protection law, in particular the\u2026","rel":"","context":"Similar post","block_context":{"text":"Similar post","link":""},"img":{"alt_text":"","src":"","width":0,"height":0},"classes":[]},{"id":465,"url":"https:\/\/lms-privatschule.ch\/en\/unsere-vorschule-und-kindergarten\/","url_meta":{"origin":3243,"position":1},"title":"Our preschool and kindergarten","author":"Victoria Asanin","date":"11. July 2024","format":false,"excerpt":"\u00a0 \"&quot;Discover, play, learn: for a strong future.&quot; Details Creativity and Development In our preschool and kindergarten, we foster the creativity and individual development of each child. Through playful learning, they discover new interests and develop their skills. Social Skills At this stage, children learn\u2026","rel":"","context":"Similar post","block_context":{"text":"Similar post","link":""},"img":{"alt_text":"","src":"https:\/\/i0.wp.com\/lms-privatschule.ch\/wp-content\/uploads\/2024\/07\/3.png?resize=350%2C200&ssl=1","width":350,"height":200,"srcset":"https:\/\/i0.wp.com\/lms-privatschule.ch\/wp-content\/uploads\/2024\/07\/3.png?resize=350%2C200&ssl=1 1x, https:\/\/i0.wp.com\/lms-privatschule.ch\/wp-content\/uploads\/2024\/07\/3.png?resize=525%2C300&ssl=1 1.5x, https:\/\/i0.wp.com\/lms-privatschule.ch\/wp-content\/uploads\/2024\/07\/3.png?resize=700%2C400&ssl=1 2x, https:\/\/i0.wp.com\/lms-privatschule.ch\/wp-content\/uploads\/2024\/07\/3.png?resize=1050%2C600&ssl=1 3x, https:\/\/i0.wp.com\/lms-privatschule.ch\/wp-content\/uploads\/2024\/07\/3.png?resize=1400%2C800&ssl=1 4x"},"classes":[]},{"id":468,"url":"https:\/\/lms-privatschule.ch\/en\/unsere-primar-und-mittelstufe\/","url_meta":{"origin":3243,"position":2},"title":"Our primary and middle school","author":"Victoria Asanin","date":"11. July 2024","format":false,"excerpt":"\u00a0 \"&quot;Where learning becomes an exciting journey.&quot; Details: Individual support and preparation for upper secondary school. At our private school, we implement Curriculum 21 and work according to the Montessori principle. This allows us to offer individualized support that allows each student to progress at their own pace\u2026","rel":"","context":"Similar post","block_context":{"text":"Similar post","link":""},"img":{"alt_text":"","src":"https:\/\/i0.wp.com\/lms-privatschule.ch\/wp-content\/uploads\/2024\/07\/4.png?resize=350%2C200&ssl=1","width":350,"height":200,"srcset":"https:\/\/i0.wp.com\/lms-privatschule.ch\/wp-content\/uploads\/2024\/07\/4.png?resize=350%2C200&ssl=1 1x, https:\/\/i0.wp.com\/lms-privatschule.ch\/wp-content\/uploads\/2024\/07\/4.png?resize=525%2C300&ssl=1 1.5x, https:\/\/i0.wp.com\/lms-privatschule.ch\/wp-content\/uploads\/2024\/07\/4.png?resize=700%2C400&ssl=1 2x, https:\/\/i0.wp.com\/lms-privatschule.ch\/wp-content\/uploads\/2024\/07\/4.png?resize=1050%2C600&ssl=1 3x, https:\/\/i0.wp.com\/lms-privatschule.ch\/wp-content\/uploads\/2024\/07\/4.png?resize=1400%2C800&ssl=1 4x"},"classes":[]},{"id":1961,"url":"https:\/\/lms-privatschule.ch\/en\/openday\/","url_meta":{"origin":3243,"position":3},"title":"Open Day \u2013 Experience the flea market!","author":"michelgirault","date":"29. May 2025","format":false,"excerpt":"Saturday, June 14, 2025 - Huebwiesenstrasse 1, 8954 Geroldswil Open House \u2013 LMS Private School &amp; Daycare 10:00\u201316:00 - Free admission, no registration required Insight into our primary school &amp; daycare (from 18 months) Presentation of the new, digital learning concept Live demo of the learning system (adapted to Curriculum 21) Personal conversations with teachers &amp; school management Guided tours\u2026","rel":"","context":"Similar post","block_context":{"text":"Similar post","link":""},"img":{"alt_text":"","src":"https:\/\/i0.wp.com\/lms-privatschule.ch\/wp-content\/uploads\/2025\/05\/image_ld_children-150x150.png?resize=350%2C200&ssl=1","width":350,"height":200},"classes":[]},{"id":1064,"url":"https:\/\/lms-privatschule.ch\/en\/nachhilfe-unterricht\/","url_meta":{"origin":3243,"position":4},"title":"Tutoring and homework support","author":"Victoria Asanin","date":"21. October 2024","format":false,"excerpt":"Preise Nachhilfeunterricht und Hausaufgabenbetreuung 45 CHF Pro Stunde mit einer qualifizierten Lehrperson. Jetzt Kontakt aufnehmen Die individuelle F\u00f6rderung jedes einzelnen Sch\u00fclers liegt uns an der Privatschule Geroldswil besonders am Herzen. Mit unserem Nachhilfe- und Hausaufgabenbetreuungsangebot bis zur 1. Oberstufe f\u00fcr unsere Sch\u00fclerinnen und Sch\u00fcler aber auch f\u00fcr Sch\u00fcler der \u00f6ffentlichen\u2026","rel":"","context":"Similar post","block_context":{"text":"Similar post","link":""},"img":{"alt_text":"","src":"","width":0,"height":0},"classes":[]},{"id":584,"url":"https:\/\/lms-privatschule.ch\/en\/agb\/","url_meta":{"origin":3243,"position":5},"title":"GTC","author":"Victoria Asanin","date":"12. July 2024","format":false,"excerpt":"General Terms and Conditions (GTC) of the Les Monts Savants Private School \u2013 hereinafter referred to as \u00abLMS Private School\u00bb 1. Conclusion of Contract and Registration Registration and Enrollment Fee: Registration must be made in writing and is binding. The contract is concluded upon payment of the enrollment fee. Contract Term: The contract is valid for the duration of one school year and is automatically renewed\u2026","rel":"","context":"Similar post","block_context":{"text":"Similar post","link":""},"img":{"alt_text":"","src":"","width":0,"height":0},"classes":[]}],"mfb_rest_fields":["title","wpcom_performance_report_url","jetpack_likes_enabled","jetpack_sharing_enabled","jetpack_shortlink","jetpack-related-posts","gutenberg_elementor_mode"],"_links":{"self":[{"href":"https:\/\/lms-privatschule.ch\/en\/wp-json\/wp\/v2\/pages\/3243","targetHints":{"allow":["GET"]}}],"collection":[{"href":"https:\/\/lms-privatschule.ch\/en\/wp-json\/wp\/v2\/pages"}],"about":[{"href":"https:\/\/lms-privatschule.ch\/en\/wp-json\/wp\/v2\/types\/page"}],"author":[{"embeddable":true,"href":"https:\/\/lms-privatschule.ch\/en\/wp-json\/wp\/v2\/users\/252078350"}],"replies":[{"embeddable":true,"href":"https:\/\/lms-privatschule.ch\/en\/wp-json\/wp\/v2\/comments?post=3243"}],"version-history":[{"count":8,"href":"https:\/\/lms-privatschule.ch\/en\/wp-json\/wp\/v2\/pages\/3243\/revisions"}],"predecessor-version":[{"id":3474,"href":"https:\/\/lms-privatschule.ch\/en\/wp-json\/wp\/v2\/pages\/3243\/revisions\/3474"}],"wp:attachment":[{"href":"https:\/\/lms-privatschule.ch\/en\/wp-json\/wp\/v2\/media?parent=3243"}],"wp:term":[{"taxonomy":"category","embeddable":true,"href":"https:\/\/lms-privatschule.ch\/en\/wp-json\/wp\/v2\/categories?post=3243"},{"taxonomy":"post_tag","embeddable":true,"href":"https:\/\/lms-privatschule.ch\/en\/wp-json\/wp\/v2\/tags?post=3243"}],"curies":[{"name":"wp","href":"https:\/\/api.w.org\/{rel}","templated":true}]}}

Bei Fragen oder Interesse an unserer Schule, stehen wir Ihnen gerne zur Verfügung.
Kontaktieren Sie uns, um weitere Informationen zu erhalten oder ein persönliches Gespräch zu vereinbaren.

Kontaktieren Sie uns, um weitere Informationen zu erhalten oder ein persönliches Gespräch zu vereinbaren.

Preise Nachhilfeunterricht und Hausaufgabenbetreuung 45 CHF Pro Stunde mit einer qualifizierten Lehrperson. Jetzt Kontakt aufnehmen Die individuelle Förderung jedes einzelnen Schülers liegt uns an der Privatschule Geroldswil besonders am Herzen. Mit unserem Nachhilfe- und Hausaufgabenbetreuungsangebot bis zur 1. Oberstufe für unsere Schülerinnen und Schüler aber auch für Schüler der öffentlichen…
